 the highest common divisor of 796182072 and 8946?
2982
Calculate the highest common divisor of 193635750 and 4312.
1078
Calculate the greatest common divisor of 4958 and 88810175.
2479
What is the greatest common factor of 10488199 and 175300?
1753
What is the highest common divisor of 4624 and 48672?
16
What is the highest common divisor of 140109326 and 343?
343
What is the greatest common factor of 10480430 and 20?
10
What is the highest common divisor of 10528681 and 254?
127
What is the highest common divisor of 827988 and 1932?
84
What is the highest common divisor of 119 and 5424377?
119
Calculate the greatest common divisor of 172224234 and 7098.
546
What is the greatest common divisor of 84996 and 1476?
36
Calculate the greatest common factor of 9328 and 1544224.
176
What is the greatest common factor of 950234 and 27158?
74
What is the highest common factor of 6372 and 27756?
108
What is the highest common divisor of 8298650 and 450575?
6725
What is the greatest common factor of 16973531 and 51?
17
What is the highest common factor of 169440650 and 200?
50
What is the highest common factor of 2551 and 18027917?
2551
What is the highest common factor of 5574356 and 12?
4
Calculate the highest common divisor of 18525324 and 8.
4
What is the greatest common divisor of 225 and 5473020?
15
What is the greatest common factor of 1949605 and 175?
35
What is the highest common divisor of 162 and 15129882?
54
What is the greatest common factor of 5 and 575105?
5
What is the greatest common factor of 116375 and 925?
25
Calculate the greatest common factor of 54056 and 445496.
1864
What is the highest common divisor of 1367296 and 5194?
98
Calculate the highest common divisor of 290 and 990495.
145
Calculate the greatest common divisor of 15422 and 9602626.
22
What is the greatest common divisor of 315213336 and 2084?
2084
Calculate the greatest common factor of 606081267 and 33.
33
What is the greatest common divisor of 183254 and 8614?
118
What is the greatest common divisor of 166253440 and 360?
40
What is the highest common divisor of 586608 and 1984347?
303
What is the highest common factor of 432781048 and 6608?
3304
Calculate the greatest common factor of 14643957 and 3678.
1839
What is the highest common factor of 120 and 13110540?
60
What is the highest common factor of 2273208 and 72912?
1176
What is the highest common divisor of 4134159 and 1219?
53
What is the greatest common factor of 13396 and 98821?
17
What is the greatest common factor of 84 and 42622392?
12
Calculate the greatest common divisor of 306 and 5044818.
102
Calculate the highest common divisor of 155925216 and 768.
96
Calculate the highest common divisor of 104978232 and 648.
72
Calculate the greatest common divisor of 1404168227 and 119.
119
Calculate the highest common divisor of 2404 and 8692.
4
What is the greatest common factor of 5058650 and 100?
50
Calculate the greatest common factor of 73722279 and 3.
3
Calculate the highest common divisor of 6697 and 356828.
37
Calculate the highest common factor of 61111746 and 1296.
162
Calculate the highest common factor of 1818557963 and 5662.
2831
What is the greatest common divisor of 51847826 and 898?
898
What is the highest common divisor of 3452666 and 149634?
5542
Calculate the highest common divisor of 1062 and 25836513.
177
Calculate the greatest common factor of 441 and 151264617.
147
What is the greatest common factor of 126 and 6696711?
63
Calculate the highest common divisor of 761 and 56023.
1
Calculate the highest common divisor of 16738813 and 3731.
91
What is the greatest common divisor of 27380654 and 56?
14
Calculate the greatest common factor of 1476496 and 67032.
56
What is the greatest common divisor of 31898 and 4078762?
82
What is the greatest common divisor of 5640 and 192975420?
2820
Calculate the greatest common factor of 4549900 and 125425.
4325
Calculate the greatest common divisor of 507793 and 373703.
583
Calculate the highest common factor of 266582 and 46.
2
Calculate the greatest common factor of 369 and 4263631.
41
What is the highest common divisor of 687248 and 328?
8
Calculate the greatest common factor of 680210574 and 9885.
1977
Calculate the highest common divisor of 91 and 213865106.
91
What is the highest common factor of 103613060 and 80?
20
What is the highest common divisor of 27345 and 5595?
15
Calculate the highest common factor of 585 and 283055670.
45
What is the greatest common divisor of 10370932 and 2288?
572
Calculate the highest common factor of 188748 and 16692.
1284
Calculate the highest common divisor of 39544240 and 240.
80
Calculate the highest common divisor of 1595755 and 1755510.
1795
Calculate the greatest common factor of 3120 and 1502560.
80
What is the greatest common factor of 492952502 and 5110?
1022
What is the greatest common divisor of 16779 and 7898115?
2397
Calculate the highest common divisor of 710194 and 230.
46
Calculate the greatest common factor of 303 and 11080609.
101
What is the greatest common divisor of 217 and 620144?
7
What is the greatest common factor of 11 and 119783851?
11
What is the highest common factor of 5511128 and 216?
8
What is the highest common divisor of 27008835 and 5355?
1785
Calculate the highest common divisor of 101023 and 1279213.
247
Calculate the greatest common divisor of 9 and 659310.
3
What is the greatest common factor of 2463870 and 8970?
30
What is the highest common factor of 899 and 2533?
1
Calculate the highest common factor of 25650 and 38890.
10
What is the highest common divisor of 855 and 3963495?
285
Calculate the greatest common factor of 26507751 and 6939.
771
What is the highest common factor of 4274 and 1011234811?
2137
What is the highest common factor of 15420 and 4338417?
771
Calculate the highest common factor of 5776498 and 728.
182
What is the greatest common factor of 835 and 67956809?
167
Calculate the highest common divisor of 33976 and 548.
548
Calculate the highest common divisor of 1134 and 26843562.
162
Calculate the highest common factor of 565281534 and 23.
23
Calculate the greatest common factor of 50832223 and 13.
13
Calculate the greatest common divisor of 13050 and 93945.
15
Calculate the greatest common factor of 3997676 and 4807.
437
Calculate the greatest common factor of 1475012 and 352.
44
Calculate the greatest common divisor of 217 and 19779147.
31
What is the greatest common factor of 179 and 160424812?
179
Calculate the highest common factor of 313020 and 33004.
148
What is the highest common factor of 26280 and 2547408?
1752
What is the greatest common divisor of 4335 and 521645?
1445
Calculate the greatest common divisor of 9312 and 27286100.
388
Calculate the highest common factor of 726749111 and 6094.
3047
What is the greatest common factor of 287415 and 88695?
135
What is the greatest common factor of 518712 and 9033?
3
Calculate the greatest common divisor of 1028 and 3024890.
514
What is the greatest common divisor of 62388 and 9180?
36
Calculate the highest common divisor of 736 and 177769484.
92
What is the highest common divisor of 792 and 1245424?
8
What is the greatest common factor of 437388 and 216916?
3556
What is the highest common divisor of 3269583 and 1835487?
3897
Calculate the greatest common factor of 54 and 117901674.
18
Calculate the greatest common factor of 86029606 and 28652.
494
What is the greatest common factor of 1584555606 and 828?
414
Calculate the greatest common divisor of 31245658 and 3227.
461
What is the highest common factor of 378773596 and 282944?
17684
Calculate the greatest common divisor of 120600 and 3205800.
1800
What is the highest common divisor of 79135305 and 20?
5
Calculate the highest common factor of 9137008 and 1384576.
5968
Calculate the greatest common divisor of 50 and 54789550.
50
What is the greatest common factor of 690507 and 5913?
657
Calculate the highest common factor of 3000 and 45768.
24
Calculate the highest common divisor of 32364168 and 8.
8
What is the greatest common factor of 1445 and 45193531?
289
Calculate the greatest common factor of 30293190 and 60.
30
What is the highest common divisor of 4783438 and 1606?
22
Calculate the highest common factor of 7826 and 784098679.
3913
Calculate the